s digit of t?
6
Let z(c) = 2*c**2 + 8*c + 53. Let s be z(-12). Let r = s + -131. What is the units digit of r?
4
Let x(f) = f**2 + 3*f + 611. Let c be (-4 - -4)/((-8)/(-4) - 0). What is the units digit of x(c)?
1
Suppose 33*x = 27*x. Suppose 119*z - 124*z + 3830 = x. What is the units digit of z?
6
Suppose 144264 = 3*m - 3*y, 36*m - 2*y = 33*m + 144257. What is the hundreds digit of m?
0
Suppose -5*y - 13943 = -3*o, 0*o - 3*y = -2*o + 9296. Suppose -12*b = -o - 89. What is the hundreds digit of b?
3
Let q be (-5 - (-1 - 2)) + -6 + 11. Suppose -q*z + 2*s = -170, 0 = -2*z + z - 2*s + 62. What is the units digit of z?
8
Suppose 5*r - 4*o + 9*o - 159565 = 0, -3*o = -5*r + 159533. What is the tens digit of r?
0
Suppose -2*o - 16 = -20. Suppose -2*r + 0 + 16 = -o*j, 0 = r - 5*j - 28. Suppose -r*l + 42 = 6. What is the units digit of l?
2
Suppose 164 = 3*v + 179. What is the units digit of 10*v*91/(-70)?
5
Let b(t) = 132*t**2 - 42*t - 42. Let i be b(-1). Suppose -2*u + 48 = 4*g + 6, 4*g = u - 27. Suppose -u*o = -19*o - i. What is the tens digit of o?
3
Let u be (-38)/(91/(-18) - (-75)/15). Let j = u + -101. What is the hundreds digit of j?
5
Let k = 73331 + -39422. What is the ten thousands digit of k?
3
Suppose -3143 = -4*i + 5*c + 7005, 2*i = -3*c + 5096. What is the thousands digit of i?
2
Let t(p) = -242771*p**2 - 5*p - 2. Let r be t(-1). What is the hundreds digit of (-6)/20 + r/(-160)?
5
Let y be 19 + (-6)/(-10) + (-850)/(-250). What is the thousands digit of 138/y + 1552 + -3?
1
Let k = -127 + 132. What is the tens digit of (k/(-2) + 2)/((-21)/6510)?
5
Let j(l) = 4 + 19 + 254*l - 20. What is the tens digit of j(2)?
1
Let u(n) = -2*n**3 - 3*n**2. Let g be u(-2). Let h = g + -4. Suppose 3*f + 5*w = 4*f - 108, -5*f + 2*w + 448 = h. What is the tens digit of f?
8
Let c(v) = -20*v**2 - 3*v + 3. Let x be c(2). Let m(q) = 8*q**2 - 21*q + 23. Let w be m(5). Let f = w + x. What is the tens digit of f?
3
Suppose 0*f - 151 = 5*q - 2*f, -f = -3*q - 91. Let l = q + 35. Suppose -r - r + 357 = -5*k, -l*k = -12. What is the tens digit of r?
8
What is the units digit of (-288 - 98)*5/(-2)?
5
Let g(h) = -5*h - 65. Let b be g(-14). Suppose 528 = b*w - 412. What is the units digit of w?
8
Suppose 0 = -5*d + 13 - 18, -2*c - 6 = 2*d. Let p = c + 1082. What is the thousands digit of p?
1
Let h(w) = 94*w**3 - 38*w**2 + 135*w + 20. What is the hundreds digit of h(4)?
9
Suppose 3*h + 2*g + 111 = 5*g, 4*g = -2*h - 68. Let z = -32 - h. Suppose 6*r - z*r - 176 = 0. What is the units digit of r?
8
Let t(q) = 2*q**2 - 23*q - 8. Let h be t(14). Suppose 58*r = 59*r - h. Suppose -66*v + 380 = -r*v. What is the units digit of v?
5
Let u(s) = 933*s - 312. What is the tens digit of u(2)?
5
Suppose -1137 + 1157 = 5*v, 3*y - 14257 = -v. What is the hundreds digit of y?
7
Suppose 21*c = 9*c. Suppose -8*d + 3*d + o + 1238 = 0, c = -2*o + 4. What is the hundreds digit of d?
2
Let m(u) = -2*u - 10. Let t be m(-4). What is the tens digit of t/18 + (-8)/(-27)*834?
4
What is the thousands digit of (-3413208)/(-248) + 36/558?
3
Let q(y) = -y**3 + 2*y**2 + y + 1. Let i be q(2). Suppose 0*w + 405 = -i*w. Let x = 234 + w. What is the tens digit of x?
9
Let l be (-44)/(-14) + 6/7. What is the hundreds digit of (-46820)/(-40) + 6/l?
1
Suppose 6*b + 255 = -135. What is the units digit of (-8)/(-10) - 78143/b?
3
Let i(s) = -58*s - 64. Let t be i(-10). Suppose -3*j + j = -t. Suppose -3*q + 350 + j = -2*l, 0 = 2*q + 2*l - 422. What is the tens digit of q?
0
Let x(h) = h**3 - h**2 + 69*h + 8962. What is the tens digit of x(0)?
6
Suppose 4*q - 8*q = -12. Suppose 0 = q*s - 5 - 13. Suppose -52 = -s*p + 386. What is the units digit of p?
3
Let h be (-363)/(((-20)/52)/5). Suppose 0*x + 5*x = 3*c + h, 927 = x + 5*c. What is the units digit of x?
2
Let u = 2440 + 13314. What is the hundreds digit of u?
7
Let t = 3 + 0. Suppose -2 = 18*a - 15*a + 4*k, -a + k + 4 = 0. Suppose -t*v + 282 = -6*z + 3*z, -82 = -v - a*z. What is the units digit of v?
0
Let b be (-46)/(-5)*-6 - 4/(-20). Let u = -52 - b. What is the tens digit of (99 - u/(-3)) + -2?
9
Let n(k) = k**3 + 11*k**2 + 10*k + 13. Suppose 32 = 4*c + 24. Suppose -5*x - 36 = -2*j, -c*j = j + 6. What is the units digit of n(x)?
5
Suppose 4*n + 58560 = 4*v, -2*v - 33*n = -30*n - 29255. What is the thousands digit of v?
4
Suppose -j + 0*q + 76 = 2*q, -j + 2*q = -76. Let c = j + 322. Suppose -15*i + c = -13*i. What is the units digit of i?
9
Let n(i) be the first derivative of -i**4/4 - 8*i**3/3 - 5*i**2/2 - 60*i - 7. What is the tens digit of n(-9)?
6
Let w(m) = -11095*m**3 + 5*m + 6. What is the units digit of w(-1)?
6
Let v = 3114 + -2212. What is the units digit of v?
2
Let g = 8 + 23. Suppose 10020 = g*z - 26*z. What is the hundreds digit of z/17 - 16/(-136)?
1
What is the tens digit of 7525 - ((-77)/22 - (-5)/(-2))?
3
Let j(s) = s**3 + 5*s**2 + 4*s + 12. Let g be j(-4). Suppose 4*h + 2*u + g - 2 = 0, -3*h - 4*u = 20. Suppose 2*d = -h*d + 66. What is the tens digit of d?
3
What is the hundreds digit of 22/(-6) - 60164/(-12)?
0
Suppose 3*f - 2*i = 20714, -5*f - 325*i + 326*i = -34535. What is the units digit of f?
8
Let k(t) = -6*t**2 + 5*t - 14. Let m(w) = -26*w**2 + 19*w - 55. Let y(o) = -9*k(o) + 2*m(o). What is the hundreds digit of y(15)?
3
Let i(p) = 39*p + 17. Let f be 2 + (-32)/(-5) + 54/(-135). What is the tens digit of i(f)?
2
Let x(z) = -3982*z + 2168. What is the thousands digit of x(-11)?
5
Suppose k - 4*g + 36 - 13 = 0, 5*g - 34 = 3*k. What is the tens digit of 1/(6/k - 175/(-87))?
8
Let x(o) be the second derivative of -139*o**3/3 - 57*o**2/2 - 283*o. What is the units digit of x(-5)?
3
Suppose 2*v - 4371 - 19629 = -3*r, -5*r + 2*v + 39984 = 0. Suppose 0 = 16*n - 738 - r. What is the hundreds digit of n?
5
Suppose 0 = -2*n - p - 19351, 0 = 2*n + 3*n - 3*p + 48405. Let v be 0/(-3)*(1 + 0) - 114. What is the units digit of (-2)/(-19) + n/v?
5
Let p = 620 + -400. Let d = 743 + -403. Let j = d - p. What is the hundreds digit of j?
1
Let o(h) = 2662*h + 336. What is the hundreds digit of o(4)?
9
Let m(n) = -105*n - 63. Let u(l) = 34*l - 11. Let t be u(0). What is the tens digit of m(t)?
9
Let o be 3 + -92 + (0 - 3). Suppose -4*l - 5*w = -636, 884 = 5*l - w + 89. Let h = l + o. What is the tens digit of h?
6
Let w(l) = -10*l + 118. Let x be w(11). Suppose -4*z + 2349 = 5*f, 0 = -3*z - 20 + x. What is the tens digit of f?
7
Let z(q) = 60*q - 140. Suppose -2*g - 5*m - 7 = -0*g, -2*g = m - 5. What is the units digit of z(g)?
0
Suppose 267*q - 263*q = 24, 2298 = 4*v + q. What is the tens digit of v?
7
Let t(u) = 967*u + 4606. What is the ten thousands digit of t(86)?
8
Suppose 818980 = 35*l - 77965. What is the units digit of l?
7
Let s(i) = 3*i**3 - 160*i**2 - 50*i + 531. What is the tens digit of s(61)?
6
Suppose 472 + 610 = 4*k + d, -4*d = 8. Let p = 50 + k. What is the tens digit of p?
2
Let a(c) = 296*c - 2303. What is the hundreds digit of a(114)?
4
What is the thousands digit of (16808/308*14/10)/((-3)/(-870))?
2
Let i = -601 + 674. Suppose 0 = i*o - 65*o - 8008. What is the units digit of o?
1
Suppose -304 = a + 3*a. Let f = a - -73. Let w(i) = -46*i + 1. What is the units digit of w(f)?
9
Let o(t) = 6*t - 25. Let f(p) = -3*p + 13. Let y(r) = -5*f(r) - 3*o(r). Let j be y(5). What is the tens digit of 2/(-11) - j/(220/1988)?
4
Let a(b) = -b + 2. Let u be a(-3). What is the units digit of (u + (-80)/15)*-486?
2
Let r = -136 - -146. Let p be (r - 1)*(3 - 4). Let b(q) = -9*q - 64. What is the tens digit of b(p)?
1
Let k(y) be the first derivative of -43*y**2/2 + y + 1000. Let c be (1 - 0)*(-1 + 0). What is the units digit of k(c)?
4
Suppose 9*t - 4728 = -3*t. Suppose -3*w = 4*g - w - 392, -3*w = 4*g - t. Let p = 103 - g. What is the units digit of p?
6
Let p = -19272 - -21145. What is the thousands digit of p?
1
Let k = 9946 - 1097. What is the hundreds digit of k?
8
What is the tens digit of (-141251136)/(-2016) - (0 - (-3)/63)?
6
Suppose 12*u + 34 = -2*d + 4*u, 15 = -3*u. Let k be (25 - (0 - 0)) + -1. Suppose -a - d*x + 19 = 0, 0*x - k = -2*a + x. What is the units digit of a?
3
Suppose 0 = a - 4*a + 4*w + 79, -4*a + 5*w + 106 = 0. Let u = -4151 - -4127. Let p = a + u. What is the units digit of p?
5
Suppose -3*v = 4*v + 14. What is the hundr